-21a07
In base 11, what is 55 - 16a6?
-1651
In base 6, what is -225023 + 22?
-225001
In base 5, what is -1010 + -3014?
-4024
In base 11, what is 10 + -398?
-388
In base 15, what is a + -20abd?
-20ab3
In base 9, what is -14 - -1023405?
1023381
In base 11, what is 26011 + 1?
26012
In base 5, what is -1 - -403402242?
403402241
In base 2, what is 0 - 10001001101111?
-10001001101111
In base 16, what is 180e - -1e?
182c
In base 10, what is -3 - -105843?
105840
In base 13, what is -1b0b - 3cb?
-2209
In base 4, what is 10 - -331321132?
331321202
In base 9, what is -86 + -631?
-727
In base 11, what is -298 - -41?
-257
In base 8, what is 13 + -2000?
-1765
In base 12, what is -429b - -3?
-4298
In base 12, what is 909 - -1039?
1946
In base 8, what is 17 + 1056?
1075
In base 5, what is 1 + -210010?
-210004
In base 9, what is 0 - -27444?
27444
In base 15, what is 5b - 3ac?
-351
In base 10, what is 1 + 2108?
2109
In base 12, what is -36 - -1a2?
168
In base 11, what is 3299 - -4?
32a2
In base 7, what is -11 - 13122?
-13133
In base 6, what is -1 - -53545?
53544
In base 4, what is -22220 + 10130?
-12030
In base 8, what is -6170 + 50?
-6120
In base 16, what is 0 - 2b3c?
-2b3c
In base 4, what is -1220020113 + -11?
-1220020130
In base 11, what is -10 + -13299?
-132a9
In base 16, what is -90 + 1b3?
123
In base 9, what is 23064 + 5?
23070
In base 5, what is -10 + -313404?
-313414
In base 15, what is -4bcd - 5?
-4bd3
In base 8, what is -152351 + -5?
-152356
In base 5, what is 14302012 + 3?
14302020
In base 9, what is -24 - -22345?
22321
In base 10, what is 3 + -45314?
-45311
In base 9, what is 7 - 126?
-118
In base 9, what is -3 - 6663?
-6666
In base 2, what is -100110 - 10101100101010?
-10101101010000
In base 5, what is 131 + 11130?
11311
In base 13, what is 2 + b6aa0?
b6aa2
In base 11, what is -a81 + -78?
-1049
In base 10, what is -355 + -6239?
-6594
In base 15, what is -10456 - 4c?
-104a3
In base 12, what is 352818 - 4?
352814
In base 6, what is -50100 - -1?
-50055
In base 10, what is 99 + -2865?
-2766
In base 13, what is -40376 + 0?
-40376
In base 12, what is 1a8897 - -2?
1a8899
In base 3, what is 10201011 + 102200?
11010211
In base 8, what is 160601 - 23?
160556
In base 15, what is -2 + -5a70?
-5a72
In base 16, what is -2b - -502?
4d7
In base 9, what is 7257 + -27?
7230
In base 12, what is b71 - 45?
b28
In base 7, what is 113623 - -1?
113624
In base 9, what is -35326 - -271?
-35045
In base 10, what is -3 - -14886?
14883
In base 4, what is -21332202 + 11?
-21332131
In base 4, what is -20000 - -23023?
3023
In base 6, what is 10 - 10502?
-10452
In base 12, what is -839 - -2044?
1407
In base 6, what is 435033 + 4?
435041
In base 16, what is 28e5 - -4?
28e9
In base 7, what is 21 - 12131?
-12110
In base 16, what is 166 - -5c?
1c2
In base 5, what is 404331 + -2100?
402231
In base 16, what is -1 + -1805f?
-18060
In base 9, what is -1823 - 52?
-1875
In base 8, what is 17651 + 14?
17665
In base 11, what is -3 - -275690?
275688
In base 9, what is 6 - 252471?
-252464
In base 3, what is -1012212000 + 12?
-1012211211
In base 5, what is -401 - 4?
-410
In base 10, what is -13601 - 73?
-13674
In base 7, what is 14214 - -1?
14215
In base 11, what is 2aa56 - -14?
2aa6a
In base 13, what is -508c5 + 1?
-508c4
In base 4, what is -30221 - -223221?
133000
In base 14, what is 27 - 1a3?
-17a
In base 16, what is -107 - -20?
-e7
In base 15, what is -130a2 - -6?
-1309b
In base 10, what is -561 - 1502?
-2063
In base 7, what is -2606501 + 4?
-2606464
In base 8, what is 1363 - -125?
1510
In base 15, what is 8 - 1e7d?
-1e75
In base 3, what is -21 + 1212210101?
1212210010
In base 13, what is 3941a5 - 3?
3941a2
In base 11, what is 673381 + 4?
673385
In base 2, what is -10000001011111 - -1000?
-10000001010111
In base 10, what is 85 + -4031?
-3946
In base 6, what is -5 - 142154?
-142203
In base 9, what is -503 + -311?
-814
In base 12, what is -1b1 - 88b6?
-8aa7
In base 2, what is -1011100 - 10011001?
-11110101
In base 5, what is 4313 + 32433?
42301
In base 12, what is -4007 + 17?
-3bb0
In base 2, what is -101100011111 - 111001101?
-110011101100
In base 2, what is 1000111 - 1001011000?
-1000010001
In base 11, what is 20879 + -5?
20874
In base 7, what is -1620020 + -1?
-1620021
In base 10, what is 7 - -43170?
43177
In base 9, what is -1072 - 15?
-1087
In base 12, what is -788b99 + -1?
-788b9a
In base 4, what is 11 - -2113121?
2113132
In base 13, what is -18 + -94?
-ac
In base 6, what is 503235 - 55?
503140
In base 4, what is -11 + 2012303203?
2012303132
In base 12, what is -10 + 569?
559
In base 5, what is 120043 + -4?
120034
In base 9, what is -21 + 323?
302
In base 13, what is -3 - 548?
-54b
In base 10, what is -279 + -3?
-282
In base 14, what is -12 - a10c?
-a120
In base 6, what is -4 + -45145221?
-45145225
In base 14, what is -414d59 + 3?
-414d56
In base 4, what is -3101302121 + -3?
-3101302130
In base 13, what is 4 + 248?
24c
In base 9, what is -1 + 122433?
122432
In base 3, what is 12101122001 - -20?
12101122021
In base 16, what is -468d + 3?
-468a
In base 10, what is 5 + -156597?
-156592
In base 9, what is 241 + -663?
-422
In base 5, what is 2 - -4334?
4341
In base 12, what is -1 + -21183?
-21184
In base 6, what is -10 + 135204?
135154
In base 14, what is -c6571 - -5?
-c656a
In base 13, what is -7 + -46638?
-46642
In base 3, what is 112 + -2211200?
-2211011
In base 2, what is 1 + -1011001011010010011?
-1011001011010010010
In base 11, what is -75082 + 2?
-75080
In base 2, what is -1100110110000100010 + -10?
-1100110110000100100
In base 12, what is a2 + -709?
-627
In base 13, what is -2 + 1958?
1956
In base 5, what is 1142 - 10130?
-3433
In base 11, what is 5 - 8172?
-8168
In base 16, what is 6e5 - 67a?
6b
In base 3, what is -20202112 - -100020?
-20102022
In base 3, what is -120122002 + 1101?
-120120201
In base 8, what is 224650 + 105?
224755
In base 14, what is 2 - -32449?
3244b
In base 3, what is -212 - 110100020?
-110101002
In base 7, what is -641 - -1235?
264
In base 11, what is -3 + -43176?
-43179
In base 12, what is -19 + 55?
38
In base 8, what is -1130317 + -4?
-1130323
In base 5, what is 2 + 122123032?
122123034
In base 8, what is -77560 - -313?
-77245
In base 13, what is -5 + -1c8a?
-1c92
In base 4, what is -121312 - -10?
-121302
In base 8, what is 10714 + -211?
10503
In base 13, what is -4 - 2209?
-2210
In base 8, what is 11654 - -7?
11663
In base 16, what is -1067 + 2d3?
-d94
In base 9, what is -16 + -12367?
-12384
In base 16, what is 28955 + -1?
28954
In base 16, what is 0 + -1d67?
-1d67
In base 15, what is -2805 - 0?
-2805
In base 7, what is -153605 + 0?
-153605
In base 10, what is -653 - 13?
-666
In base 10, what is -120425 - 2?
-120427
In base 6, what is -10041504 + -15?
-10041523
In base 8, what is 5314 - -20?
5334
In base 7, what is -6053 + -6?
-6062
In base 14, what is 3 + -70c?
-709
In base 7, what is -5155 - 160?
-5345
In base 2, what is -1010 - -1011110001100000110?
1011110001011111100
In base 13, what is -35 - -1004b?
10016
In base 11, what is 61 + -47a?
-419
In base 6, what is -23121 + 233?
-22444
In base 2, what is -110100100010000001 - 0?
-110100100010000001
In base 12, what is -7b5 + 36?
-77b
In base 12, what is -16a6b5 + -3?
-16a6b8
In base 11, what is 45a62 + -5?
45a58
In base 8, what is -60 + 72354?
72274
In base 15, what is -221b97 - -1?
-221b96
In base 2, what is -10110 + -110000010100000?
-110000010110110
In base 14, what is 3586 - -14?
359a
In base 5, what is 33131434 + 3?
33131442
In base 13, what is -3 - 45822?
-45825
In base 6, what is -35454 - -11?
-35443
In base 7, what is 520 + 25153?
26003
In base 9, what is 163 - 14172?
-14008
In base 11, what is -1a5 - -627?
432
In base 8, what is -2452 - -5?
-2445
In base 5, what is 12 + -30124032?
-30124020
In base 4, what is -100 + 200103?
200003
In base 2, what is 11011110 + -1111111101110?
-1111100010000
In base 5, what is -411 - 113232?
-114143
In base 7, what is 40334 + -262?
40042
In base 13, what is 2 + 11476?
11478
In base 11, what is -2 + 5264a?
52648
In base 14, what is -54a8c - c?
-54a9a
In base 6, what is -12033354 - -1?
-12033353
In base 5, what is 233 + -2203?
-1420
In base 3, what is -1020202 - 1120?
-1022022
In base 10, what is -4224 - 364?
-4588
In base 10, what is 5748 + 8?
5756
In base 9, what i